{"id":24,"date":"2024-06-26T12:29:49","date_gmt":"2024-06-26T10:29:49","guid":{"rendered":"https:\/\/militarnibracia.pl\/?page_id=24"},"modified":"2025-02-20T15:43:41","modified_gmt":"2025-02-20T14:43:41","slug":"kontakt","status":"publish","type":"page","link":"https:\/\/militarnibracia.pl\/?page_id=24","title":{"rendered":"Kontakt"},"content":{"rendered":"<section class=\"bde-section-24-100 bde-section\">\n  \n\t\n\n\n\n<div class=\"section-container\"><div class=\"bde-columns-24-101 bde-columns\"><div class=\"bde-column-24-102 bde-column\">\n  \n\t\n\n\n\n<h2 class=\"bde-heading-24-103 bde-heading\">\nPozosta\u0144my w kontakcie\n<\/h2><div class=\"bde-text-24-104 bde-text\">\nJe\u015bli masz pytania lub chcia\u0142by\u015b dowiedzie\u0107 si\u0119 wi\u0119cej o naszych rekonstrukcjach historycznych, skontaktuj si\u0119 z nami!\n<\/div><div class=\"bde-icon-list-24-105 bde-icon-list\">\n<ul>\n  \n              \n    <li>\n              <div class='bde-icon-list__item-wrapper'>\n      \n      <span class='bde-icon-list__icon'>\n        <svg xmlns=\"http:\/\/www.w3.org\/2000\/svg\" width=\"24\" height=\"24\" viewBox=\"0 0 24 24\" fill-rule=\"evenodd\" clip-rule=\"evenodd\"><path d=\"M12 2h2v2h2v3.702l7 2.618v12.68h1v1h-24v-1h1v-11h6v-8h2v-2h2v-2h1v2zm3 3h-7v18h1v-2h5v2h1v-18zm-2 17h-3v1h3v-1zm8 1h1v-11.987l-6-2.243v14.23h1v-2h4v2zm-14-10h-5v10h1v-2h3v2h1v-10zm-2 9h-1v1h1v-1zm15 0h-2v1h2v-1zm-16-5v2h-1v-2h1zm2 0v2h-1v-2h1zm5-10v12h-1v-12h1zm10 11v1h-4v-1h4zm-8-11v12h-1v-12h1zm8 9v1h-4v-1h4zm-17-2v2h-1v-2h1zm2 0v2h-1v-2h1zm15 0v1h-4v-1h4zm0-2v1h-4v-1h4zm-8-9h-3v1h3v-1z\"\/><\/svg>\n      <\/span>\n      <span class='bde-icon-list__text' >\n      Chata Wiejska<br>ul. Bratnia 10<br>60-185 Sk\u00f3rzewo, Polska\n      <\/span>\n              <\/div>\n      \n    <\/li>\n\n  \n              \n    <li>\n                      \n            \n            \n\n    \n    \n    \n    \n    <a class=\"breakdance-link bde-icon-list__item-wrapper\" href=\"mailto:support@example.com\" target=\"_self\" data-type=\"url\"  >\n\n      \n      <span class='bde-icon-list__icon'>\n        <svg xmlns=\"http:\/\/www.w3.org\/2000\/svg\" width=\"24\" height=\"24\" viewBox=\"0 0 24 24\" fill-rule=\"evenodd\" clip-rule=\"evenodd\"><path d=\"M24 21h-24v-18h24v18zm-23-16.477v15.477h22v-15.477l-10.999 10-11.001-10zm21.089-.523h-20.176l10.088 9.171 10.088-9.171z\"\/><\/svg>\n      <\/span>\n      <span class='bde-icon-list__text' >\n      militarnibracia@gmail.com\n      <\/span>\n                  <\/a>\n\n      \n    <\/li>\n\n  \n              \n    <li>\n              <div class='bde-icon-list__item-wrapper'>\n      \n      <span class='bde-icon-list__icon'>\n        <svg xmlns=\"http:\/\/www.w3.org\/2000\/svg\" width=\"24\" height=\"24\" viewBox=\"0 0 24 24\" fill=\"none\">\n<g clip-path=\"url(#clip0_626_2)\">\n<path fill-rule=\"evenodd\" clip-rule=\"evenodd\" d=\"M8.26016 1.289L6.69616 2.061C0.903156 5.081 9.49416 23.005 16.0062 23.005C16.4662 23.005 16.9102 22.911 17.3232 22.721L18.8652 21.966L15.9672 16.372L14.4272 17.126C14.2462 17.213 14.0432 17.26 13.8302 17.26C11.2692 17.26 6.98916 9.056 9.58916 7.664L11.1352 6.901L8.26016 1.289V1.289ZM16.0062 24C10.3262 24 3.78516 12.886 3.78516 6.168C3.78516 3.749 4.61816 2.022 6.24216 1.176L8.62416 0L12.4812 7.347L10.0442 8.548C8.60516 9.32 12.4532 16.972 14.0002 16.228L16.3992 15.049L20.2152 22.409C20.2152 22.409 17.8552 23.571 17.7392 23.624C17.1922 23.875 16.6102 24 16.0062 24\"\/>\n<\/g>\n<defs>\n<clipPath id=\"clip0_626_2\">\n<rect width=\"24\" height=\"24\" fill=\"white\"\/>\n<\/clipPath>\n<\/defs>\n<\/svg>\n      <\/span>\n      <span class='bde-icon-list__text' >\n      +48 606 449 848\n      <\/span>\n              <\/div>\n      \n    <\/li>\n\n  <\/ul>\n\n<\/div>\n<\/div><div class=\"bde-column-24-106 bde-column\">\n  \n\t\n\n\n\n<div class=\"bde-image-24-108 bde-image\">\n  \n\n\n\n\n\n<figure class=\"breakdance-image breakdance-image--253\">\n\t<div class=\"breakdance-image-container\">\n\t\t<div class=\"breakdance-image-clip\">\n\t\t\t\n\t\t\t\t\n\t\t\t\t\t      \n  \n  \n  \n  \n      \n      <img loading=\"lazy\" decoding=\"async\"\n      class=\"breakdance-image-object\"\n      src=\"https:\/\/militarnibracia.pl\/wp-content\/uploads\/2024\/06\/bracia_2.26.1-2-1024x576.jpg\"\n      width=\"1024\"\n      height=\"576\"\n      \n      \n                                    srcset=\"https:\/\/militarnibracia.pl\/wp-content\/uploads\/2024\/06\/bracia_2.26.1-2-1024x576.jpg 1024w, https:\/\/militarnibracia.pl\/wp-content\/uploads\/2024\/06\/bracia_2.26.1-2-300x169.jpg 300w, https:\/\/militarnibracia.pl\/wp-content\/uploads\/2024\/06\/bracia_2.26.1-2-768x432.jpg 768w, https:\/\/militarnibracia.pl\/wp-content\/uploads\/2024\/06\/bracia_2.26.1-2-1536x864.jpg 1536w, https:\/\/militarnibracia.pl\/wp-content\/uploads\/2024\/06\/bracia_2.26.1-2-2048x1152.jpg 2048w\"\n                                                                      >\n  \n\n\t\t\t\t\t\n\t\t\t\t\t\t<\/div>\n\t<\/div>\n\n\t<\/figure>\n\n<\/div>\n<\/div><\/div><\/div>\n<\/section>","protected":false},"excerpt":{"rendered":"<p>Pozosta\u0144my w kontakcie Je\u015bli masz pytania lub chcia\u0142by\u015b dowiedzie\u0107 si\u0119 wi\u0119cej o naszych rekonstrukcjach historycznych, skontaktuj si\u0119 z nami! Chata Wiejskaul. Bratnia 1060-185 Sk\u00f3rzewo, Polska militarnibracia@gmail.com +48 606 449 848<\/p>\n","protected":false},"author":1,"featured_media":0,"parent":0,"menu_order":0,"comment_status":"closed","ping_status":"closed","template":"","meta":{"_breakdance_hide_in_design_set":false,"_breakdance_tags":"","footnotes":""},"class_list":["post-24","page","type-page","status-publish","hentry"],"_links":{"self":[{"href":"https:\/\/militarnibracia.pl\/index.php?rest_route=\/wp\/v2\/pages\/24","targetHints":{"allow":["GET"]}}],"collection":[{"href":"https:\/\/militarnibracia.pl\/index.php?rest_route=\/wp\/v2\/pages"}],"about":[{"href":"https:\/\/militarnibracia.pl\/index.php?rest_route=\/wp\/v2\/types\/page"}],"author":[{"embeddable":true,"href":"https:\/\/militarnibracia.pl\/index.php?rest_route=\/wp\/v2\/users\/1"}],"replies":[{"embeddable":true,"href":"https:\/\/militarnibracia.pl\/index.php?rest_route=%2Fwp%2Fv2%2Fcomments&post=24"}],"version-history":[{"count":12,"href":"https:\/\/militarnibracia.pl\/index.php?rest_route=\/wp\/v2\/pages\/24\/revisions"}],"predecessor-version":[{"id":395,"href":"https:\/\/militarnibracia.pl\/index.php?rest_route=\/wp\/v2\/pages\/24\/revisions\/395"}],"wp:attachment":[{"href":"https:\/\/militarnibracia.pl\/index.php?rest_route=%2Fwp%2Fv2%2Fmedia&parent=24"}],"curies":[{"name":"wp","href":"https:\/\/api.w.org\/{rel}","templated":true}]}}